{"id":29498,"date":"2026-02-15T22:29:21","date_gmt":"2026-02-15T22:29:21","guid":{"rendered":"https:\/\/msit.ma\/wordpress\/?page_id=29498"},"modified":"2026-03-05T10:20:40","modified_gmt":"2026-03-05T10:20:40","slug":"qui-sommes-nous","status":"publish","type":"page","link":"https:\/\/msit.ma\/index.php\/qui-sommes-nous\/","title":{"rendered":"Qui Sommes-nous"},"content":{"rendered":"\t\t<div data-elementor-type=\"wp-page\" data-elementor-id=\"29498\" class=\"elementor elementor-29498\" data-elementor-post-type=\"page\">\n\t\t\t\t<div class=\"wd-negative-gap elementor-element elementor-element-5eb99a0 e-flex e-con-boxed e-con e-parent\" data-id=\"5eb99a0\" data-element_type=\"container\">\n\t\t\t\t\t<div class=\"e-con-inner\">\n\t\t<div class=\"elementor-element elementor-element-adc26df e-con-full e-flex e-con e-child\" data-id=\"adc26df\" data-element_type=\"container\">\n\t\t<div class=\"elementor-element elementor-element-58a4abf e-con-full e-flex e-con e-child\" data-id=\"58a4abf\" data-element_type=\"container\">\n\t\t\t\t<div class=\"elementor-element elementor-element-f5ca4e8 color-scheme-inherit text-left elementor-widget elementor-widget-text-editor\" data-id=\"f5ca4e8\" data-element_type=\"widget\" data-widget_type=\"text-editor.default\">\n\t\t\t\t\t\t\t\t\t<h3 data-start=\"63\" data-end=\"88\">BIENVENUE CHEZ MSIT<\/h3><p data-start=\"90\" data-end=\"537\"><strong data-start=\"90\" data-end=\"142\">MSIT<\/strong>\u00a0est une Soci\u00e9t\u00e9 de Services et d\u2019Ing\u00e9nierie Informatique sp\u00e9cialis\u00e9e dans :<br data-start=\"218\" data-end=\"221\" \/>\u2013 Les formations et certifications IT<br data-start=\"258\" data-end=\"261\" \/>\u2013 L\u2019int\u00e9gration, la migration et le d\u00e9ploiement des infrastructures et services informatiques<br data-start=\"354\" data-end=\"357\" \/>\u2013 La conception, le d\u00e9veloppement et la maintenance de sites web et de solutions logicielles<br data-start=\"449\" data-end=\"452\" \/>\u2013 La vente de mat\u00e9riel, logiciels, ouvrages techniques et \u00e9quipements informatiques<\/p><p data-start=\"539\" data-end=\"835\">L\u2019\u00e9quipe <strong data-start=\"548\" data-end=\"556\">MSIT<\/strong> met son expertise et son savoir-faire au service de vos projets en proposant des solutions adapt\u00e9es \u00e0 vos besoins. Nous offrons une gamme compl\u00e8te de services afin de vous accompagner efficacement dans la conception, le d\u00e9ploiement et l\u2019optimisation de vos outils informatiques.<\/p>\t\t\t\t\t\t\t\t<\/div>\n\t\t\t\t<\/div>\n\t\t\t\t<\/div>\n\t\t<div class=\"elementor-element elementor-element-a078b44 e-con-full e-flex e-con e-child\" data-id=\"a078b44\" data-element_type=\"container\">\n\t\t\t\t<div class=\"elementor-element elementor-element-0dd6c8c elementor-widget elementor-widget-image\" data-id=\"0dd6c8c\" data-element_type=\"widget\" data-widget_type=\"image.default\">\n\t\t\t\t\t\t\t\t\t\t\t\t<figure class=\"wp-caption\">\n\t\t\t\t\t\t\t\t\t\t<img loading=\"lazy\" decoding=\"async\" width=\"768\" height=\"525\" src=\"https:\/\/msit.ma\/wp-content\/uploads\/2026\/02\/MSIT-768x525.png\" class=\"attachment-medium_large size-medium_large wp-image-29502\" alt=\"\" srcset=\"https:\/\/msit.ma\/wp-content\/uploads\/2026\/02\/MSIT-768x525.png 768w, https:\/\/msit.ma\/wp-content\/uploads\/2026\/02\/MSIT-400x274.png 400w, https:\/\/msit.ma\/wp-content\/uploads\/2026\/02\/MSIT-1169x800.png 1169w, https:\/\/msit.ma\/wp-content\/uploads\/2026\/02\/MSIT-1536x1051.png 1536w, https:\/\/msit.ma\/wp-content\/uploads\/2026\/02\/MSIT-2048x1401.png 2048w\" sizes=\"auto, (max-width: 768px) 100vw, 768px\" \/>\t\t\t\t\t\t\t\t\t\t\t<figcaption class=\"widget-image-caption wp-caption-text\"><\/figcaption>\n\t\t\t\t\t\t\t\t\t\t<\/figure>\n\t\t\t\t\t\t\t\t\t<\/div>\n\t\t\t\t<\/div>\n\t\t\t\t\t<\/div>\n\t\t\t\t<\/div>\n\t\t<div class=\"wd-negative-gap elementor-element elementor-element-8af4ad7 e-flex e-con-boxed e-con e-parent\" data-id=\"8af4ad7\" data-element_type=\"container\">\n\t\t\t\t\t<div class=\"e-con-inner\">\n\t\t<div class=\"elementor-element elementor-element-676b177 e-con-full e-flex e-con e-child\" data-id=\"676b177\" data-element_type=\"container\">\n\t\t\t\t<div class=\"elementor-element elementor-element-2d518ab elementor-widget elementor-widget-image\" data-id=\"2d518ab\" data-element_type=\"widget\" data-widget_type=\"image.default\">\n\t\t\t\t\t\t\t\t\t\t\t\t\t\t\t<img loading=\"lazy\" decoding=\"async\" width=\"547\" height=\"800\" src=\"https:\/\/msit.ma\/wp-content\/uploads\/2026\/02\/ceo-547x800.png\" class=\"attachment-large size-large wp-image-29503\" alt=\"\" srcset=\"https:\/\/msit.ma\/wp-content\/uploads\/2026\/02\/ceo-547x800.png 547w, https:\/\/msit.ma\/wp-content\/uploads\/2026\/02\/ceo-205x300.png 205w, https:\/\/msit.ma\/wp-content\/uploads\/2026\/02\/ceo-768x1122.png 768w, https:\/\/msit.ma\/wp-content\/uploads\/2026\/02\/ceo-1051x1536.png 1051w, https:\/\/msit.ma\/wp-content\/uploads\/2026\/02\/ceo-1401x2048.png 1401w, https:\/\/msit.ma\/wp-content\/uploads\/2026\/02\/ceo.png 1664w\" sizes=\"auto, (max-width: 547px) 100vw, 547px\" \/>\t\t\t\t\t\t\t\t\t\t\t\t\t\t\t<\/div>\n\t\t\t\t<\/div>\n\t\t<div class=\"elementor-element elementor-element-a20347d e-con-full e-flex e-con e-child\" data-id=\"a20347d\" data-element_type=\"container\">\n\t\t\t\t<div class=\"elementor-element elementor-element-0299404 color-scheme-inherit text-left elementor-widget elementor-widget-text-editor\" data-id=\"0299404\" data-element_type=\"widget\" data-widget_type=\"text-editor.default\">\n\t\t\t\t\t\t\t\t\t<h2>MOT DU\u00a0DIRECTEUR<\/h2><p data-start=\"104\" data-end=\"149\">Chers collaborateurs, partenaires et clients,<\/p><p data-start=\"151\" data-end=\"432\">En tant que Directeur de <strong data-start=\"176\" data-end=\"184\">MSIT<\/strong>, je suis honor\u00e9 de vous pr\u00e9senter notre soci\u00e9t\u00e9 sp\u00e9cialis\u00e9e en services et int\u00e9gration informatique. Chez <strong data-start=\"291\" data-end=\"299\">MSIT<\/strong>, nous accompagnons les entreprises dans leur transformation digitale \u00e0 travers des solutions innovantes, performantes et s\u00e9curis\u00e9es.<\/p><p data-start=\"434\" data-end=\"799\">Nous intervenons dans l\u2019int\u00e9gration des infrastructures IT, la virtualisation, la cybers\u00e9curit\u00e9, la supervision des syst\u00e8mes, la mise en place de solutions cloud ainsi que la vente de mat\u00e9riel informatique professionnel. Notre objectif est d\u2019offrir \u00e0 nos clients des services fiables, adapt\u00e9s \u00e0 leurs besoins et align\u00e9s avec les meilleures pratiques technologiques.<\/p><p data-start=\"801\" data-end=\"1023\">Conscients que la technologie \u00e9volue rapidement, nous mettons \u00e9galement un point d\u2019honneur \u00e0 proposer des formations et des programmes de mont\u00e9e en comp\u00e9tences afin de pr\u00e9parer les talents de demain aux d\u00e9fis du num\u00e9rique.<\/p><p data-start=\"1025\" data-end=\"1146\">Merci d\u2019avoir choisi <strong data-start=\"1046\" data-end=\"1054\">MSIT<\/strong> pour vos projets informatiques. Ensemble, construisons un avenir digital solide et durable.<\/p><p data-start=\"1148\" data-end=\"1161\">Cordialement,<\/p><p data-start=\"1163\" data-end=\"1214\" data-is-last-node=\"\" data-is-only-node=\"\"><strong data-start=\"1163\" data-end=\"1177\">M. Mohamed<\/strong><br data-start=\"1177\" data-end=\"1180\" \/>Fondateur et Directeur de <strong data-start=\"1206\" data-end=\"1214\" data-is-last-node=\"\">MSIT<\/strong><\/p>\t\t\t\t\t\t\t\t<\/div>\n\t\t\t\t<\/div>\n\t\t\t\t\t<\/div>\n\t\t\t\t<\/div>\n\t\t<div class=\"wd-negative-gap elementor-element elementor-element-1cf9a7d e-flex e-con-boxed e-con e-parent\" data-id=\"1cf9a7d\" data-element_type=\"container\">\n\t\t\t\t\t<div class=\"e-con-inner\">\n\t\t<div class=\"elementor-element elementor-element-07a2cf4 e-con-full e-flex e-con e-child\" data-id=\"07a2cf4\" data-element_type=\"container\">\n\t\t\t\t<div class=\"elementor-element elementor-element-19b92e1 elementor-view-default elementor-position-block-start elementor-mobile-position-block-start elementor-widget elementor-widget-icon-box\" data-id=\"19b92e1\" data-element_type=\"widget\" data-widget_type=\"icon-box.default\">\n\t\t\t\t\t\t\t<div class=\"elementor-icon-box-wrapper\">\n\n\t\t\t\t\t\t<div class=\"elementor-icon-box-icon\">\n\t\t\t\t<span  class=\"elementor-icon\">\n\t\t\t\t<i aria-hidden=\"true\" class=\"icon icon-Profile\"><\/i>\t\t\t\t<\/span>\n\t\t\t<\/div>\n\t\t\t\n\t\t\t\t\t\t<div class=\"elementor-icon-box-content\">\n\n\t\t\t\t\t\t\t\t\t<h3 class=\"elementor-icon-box-title\">\n\t\t\t\t\t\t<span  >\n\t\t\t\t\t\t\tFORMATIONS\t\t\t\t\t\t<\/span>\n\t\t\t\t\t<\/h3>\n\t\t\t\t\n\t\t\t\t\t\t\t\t\t<p class=\"elementor-icon-box-description\">\n\t\t\t\t\t\tNous proposons des formations professionnelles avec pratique sur mat\u00e9riel r\u00e9el dans notre DataCenter, assurant un apprentissage concret et de qualit\u00e9.\t\t\t\t\t<\/p>\n\t\t\t\t\n\t\t\t<\/div>\n\t\t\t\n\t\t<\/div>\n\t\t\t\t\t\t<\/div>\n\t\t\t\t<\/div>\n\t\t<div class=\"elementor-element elementor-element-460ca2c e-con-full e-flex e-con e-child\" data-id=\"460ca2c\" data-element_type=\"container\">\n\t\t\t\t<div class=\"elementor-element elementor-element-d6fcd9b elementor-view-default elementor-position-block-start elementor-mobile-position-block-start elementor-widget elementor-widget-icon-box\" data-id=\"d6fcd9b\" data-element_type=\"widget\" data-widget_type=\"icon-box.default\">\n\t\t\t\t\t\t\t<div class=\"elementor-icon-box-wrapper\">\n\n\t\t\t\t\t\t<div class=\"elementor-icon-box-icon\">\n\t\t\t\t<span  class=\"elementor-icon\">\n\t\t\t\t<svg aria-hidden=\"true\" class=\"e-font-icon-svg e-far-check-circle\" viewBox=\"0 0 512 512\" xmlns=\"http:\/\/www.w3.org\/2000\/svg\"><path d=\"M256 8C119.033 8 8 119.033 8 256s111.033 248 248 248 248-111.033 248-248S392.967 8 256 8zm0 48c110.532 0 200 89.451 200 200 0 110.532-89.451 200-200 200-110.532 0-200-89.451-200-200 0-110.532 89.451-200 200-200m140.204 130.267l-22.536-22.718c-4.667-4.705-12.265-4.736-16.97-.068L215.346 303.697l-59.792-60.277c-4.667-4.705-12.265-4.736-16.97-.069l-22.719 22.536c-4.705 4.667-4.736 12.265-.068 16.971l90.781 91.516c4.667 4.705 12.265 4.736 16.97.068l172.589-171.204c4.704-4.668 4.734-12.266.067-16.971z\"><\/path><\/svg>\t\t\t\t<\/span>\n\t\t\t<\/div>\n\t\t\t\n\t\t\t\t\t\t<div class=\"elementor-icon-box-content\">\n\n\t\t\t\t\t\t\t\t\t<h3 class=\"elementor-icon-box-title\">\n\t\t\t\t\t\t<span  >\n\t\t\t\t\t\t\tSOLUTION RAPIDE\t\t\t\t\t\t<\/span>\n\t\t\t\t\t<\/h3>\n\t\t\t\t\n\t\t\t\t\t\t\t\t\t<p class=\"elementor-icon-box-description\">\n\t\t\t\t\t\tNous apportons des solutions rapides et adapt\u00e9es aux apprenants, salari\u00e9s, demandeurs d\u2019emploi et entreprises partenaires.\t\t\t\t\t<\/p>\n\t\t\t\t\n\t\t\t<\/div>\n\t\t\t\n\t\t<\/div>\n\t\t\t\t\t\t<\/div>\n\t\t\t\t<\/div>\n\t\t<div class=\"elementor-element elementor-element-6938c35 e-con-full e-flex e-con e-child\" data-id=\"6938c35\" data-element_type=\"container\">\n\t\t\t\t<div class=\"elementor-element elementor-element-7936c23 elementor-view-default elementor-position-block-start elementor-mobile-position-block-start elementor-widget elementor-widget-icon-box\" data-id=\"7936c23\" data-element_type=\"widget\" data-widget_type=\"icon-box.default\">\n\t\t\t\t\t\t\t<div class=\"elementor-icon-box-wrapper\">\n\n\t\t\t\t\t\t<div class=\"elementor-icon-box-icon\">\n\t\t\t\t<span  class=\"elementor-icon\">\n\t\t\t\t<svg aria-hidden=\"true\" class=\"e-font-icon-svg e-fas-map-marker-alt\" viewBox=\"0 0 384 512\" xmlns=\"http:\/\/www.w3.org\/2000\/svg\"><path d=\"M172.268 501.67C26.97 291.031 0 269.413 0 192 0 85.961 85.961 0 192 0s192 85.961 192 192c0 77.413-26.97 99.031-172.268 309.67-9.535 13.774-29.93 13.773-39.464 0zM192 272c44.183 0 80-35.817 80-80s-35.817-80-80-80-80 35.817-80 80 35.817 80 80 80z\"><\/path><\/svg>\t\t\t\t<\/span>\n\t\t\t<\/div>\n\t\t\t\n\t\t\t\t\t\t<div class=\"elementor-icon-box-content\">\n\n\t\t\t\t\t\t\t\t\t<h3 class=\"elementor-icon-box-title\">\n\t\t\t\t\t\t<span  >\n\t\t\t\t\t\t\tStrat\u00e9gie locale\t\t\t\t\t\t<\/span>\n\t\t\t\t\t<\/h3>\n\t\t\t\t\n\t\t\t\t\t\t\t\t\t<p class=\"elementor-icon-box-description\">\n\t\t\t\t\t\tNotre local est \u00e0 Had Soualem, Lotissement Belle Vue, pr\u00e8s de la Mosqu\u00e9e Quba sinon nous proposons des formations en ligne.\t\t\t\t\t<\/p>\n\t\t\t\t\n\t\t\t<\/div>\n\t\t\t\n\t\t<\/div>\n\t\t\t\t\t\t<\/div>\n\t\t\t\t<\/div>\n\t\t<div class=\"elementor-element elementor-element-a2f5cd0 e-con-full e-flex e-con e-child\" data-id=\"a2f5cd0\" data-element_type=\"container\">\n\t\t\t\t<div class=\"elementor-element elementor-element-80e19d4 elementor-view-default elementor-position-block-start elementor-mobile-position-block-start elementor-widget elementor-widget-icon-box\" data-id=\"80e19d4\" data-element_type=\"widget\" data-widget_type=\"icon-box.default\">\n\t\t\t\t\t\t\t<div class=\"elementor-icon-box-wrapper\">\n\n\t\t\t\t\t\t<div class=\"elementor-icon-box-icon\">\n\t\t\t\t<span  class=\"elementor-icon\">\n\t\t\t\t<svg aria-hidden=\"true\" class=\"e-font-icon-svg e-fas-chalkboard-teacher\" viewBox=\"0 0 640 512\" xmlns=\"http:\/\/www.w3.org\/2000\/svg\"><path d=\"M208 352c-2.39 0-4.78.35-7.06 1.09C187.98 357.3 174.35 360 160 360c-14.35 0-27.98-2.7-40.95-6.91-2.28-.74-4.66-1.09-7.05-1.09C49.94 352-.33 402.48 0 464.62.14 490.88 21.73 512 48 512h224c26.27 0 47.86-21.12 48-47.38.33-62.14-49.94-112.62-112-112.62zm-48-32c53.02 0 96-42.98 96-96s-42.98-96-96-96-96 42.98-96 96 42.98 96 96 96zM592 0H208c-26.47 0-48 22.25-48 49.59V96c23.42 0 45.1 6.78 64 17.8V64h352v288h-64v-64H384v64h-76.24c19.1 16.69 33.12 38.73 39.69 64H592c26.47 0 48-22.25 48-49.59V49.59C640 22.25 618.47 0 592 0z\"><\/path><\/svg>\t\t\t\t<\/span>\n\t\t\t<\/div>\n\t\t\t\n\t\t\t\t\t\t<div class=\"elementor-icon-box-content\">\n\n\t\t\t\t\t\t\t\t\t<h3 class=\"elementor-icon-box-title\">\n\t\t\t\t\t\t<span  >\n\t\t\t\t\t\t\tEXPERTISE\t\t\t\t\t\t<\/span>\n\t\t\t\t\t<\/h3>\n\t\t\t\t\n\t\t\t\t\t\t\t\t\t<p class=\"elementor-icon-box-description\">\n\t\t\t\t\t\tAvec plus de 10 ans d\u2019exp\u00e9rience, nos consultants accompagnent efficacement apprenants et entreprises partenaires.\t\t\t\t\t<\/p>\n\t\t\t\t\n\t\t\t<\/div>\n\t\t\t\n\t\t<\/div>\n\t\t\t\t\t\t<\/div>\n\t\t\t\t<\/div>\n\t\t<div class=\"elementor-element elementor-element-b8fe810 e-con-full e-flex e-con e-child\" data-id=\"b8fe810\" data-element_type=\"container\">\n\t\t\t\t<div class=\"elementor-element elementor-element-601f715 elementor-view-default elementor-position-block-start elementor-mobile-position-block-start elementor-widget elementor-widget-icon-box\" data-id=\"601f715\" data-element_type=\"widget\" data-widget_type=\"icon-box.default\">\n\t\t\t\t\t\t\t<div class=\"elementor-icon-box-wrapper\">\n\n\t\t\t\t\t\t<div class=\"elementor-icon-box-icon\">\n\t\t\t\t<span  class=\"elementor-icon\">\n\t\t\t\t<svg aria-hidden=\"true\" class=\"e-font-icon-svg e-far-chart-bar\" viewBox=\"0 0 512 512\" xmlns=\"http:\/\/www.w3.org\/2000\/svg\"><path d=\"M396.8 352h22.4c6.4 0 12.8-6.4 12.8-12.8V108.8c0-6.4-6.4-12.8-12.8-12.8h-22.4c-6.4 0-12.8 6.4-12.8 12.8v230.4c0 6.4 6.4 12.8 12.8 12.8zm-192 0h22.4c6.4 0 12.8-6.4 12.8-12.8V140.8c0-6.4-6.4-12.8-12.8-12.8h-22.4c-6.4 0-12.8 6.4-12.8 12.8v198.4c0 6.4 6.4 12.8 12.8 12.8zm96 0h22.4c6.4 0 12.8-6.4 12.8-12.8V204.8c0-6.4-6.4-12.8-12.8-12.8h-22.4c-6.4 0-12.8 6.4-12.8 12.8v134.4c0 6.4 6.4 12.8 12.8 12.8zM496 400H48V80c0-8.84-7.16-16-16-16H16C7.16 64 0 71.16 0 80v336c0 17.67 14.33 32 32 32h464c8.84 0 16-7.16 16-16v-16c0-8.84-7.16-16-16-16zm-387.2-48h22.4c6.4 0 12.8-6.4 12.8-12.8v-70.4c0-6.4-6.4-12.8-12.8-12.8h-22.4c-6.4 0-12.8 6.4-12.8 12.8v70.4c0 6.4 6.4 12.8 12.8 12.8z\"><\/path><\/svg>\t\t\t\t<\/span>\n\t\t\t<\/div>\n\t\t\t\n\t\t\t\t\t\t<div class=\"elementor-icon-box-content\">\n\n\t\t\t\t\t\t\t\t\t<h3 class=\"elementor-icon-box-title\">\n\t\t\t\t\t\t<span  >\n\t\t\t\t\t\t\tD\u00c9VELOPPEMENT\t\t\t\t\t\t<\/span>\n\t\t\t\t\t<\/h3>\n\t\t\t\t\n\t\t\t\t\t\t\t\t\t<p class=\"elementor-icon-box-description\">\n\t\t\t\t\t\tNous mettons tout en \u0153uvre pour votre r\u00e9ussite personnelle et professionnelle.\t\t\t\t\t<\/p>\n\t\t\t\t\n\t\t\t<\/div>\n\t\t\t\n\t\t<\/div>\n\t\t\t\t\t\t<\/div>\n\t\t\t\t<\/div>\n\t\t<div class=\"elementor-element elementor-element-a4ae871 e-con-full e-flex e-con e-child\" data-id=\"a4ae871\" data-element_type=\"container\">\n\t\t\t\t<div class=\"elementor-element elementor-element-939928e elementor-view-default elementor-position-block-start elementor-mobile-position-block-start elementor-widget elementor-widget-icon-box\" data-id=\"939928e\" data-element_type=\"widget\" data-widget_type=\"icon-box.default\">\n\t\t\t\t\t\t\t<div class=\"elementor-icon-box-wrapper\">\n\n\t\t\t\t\t\t<div class=\"elementor-icon-box-icon\">\n\t\t\t\t<span  class=\"elementor-icon\">\n\t\t\t\t<svg aria-hidden=\"true\" class=\"e-font-icon-svg e-far-lightbulb\" viewBox=\"0 0 352 512\" xmlns=\"http:\/\/www.w3.org\/2000\/svg\"><path d=\"M176 80c-52.94 0-96 43.06-96 96 0 8.84 7.16 16 16 16s16-7.16 16-16c0-35.3 28.72-64 64-64 8.84 0 16-7.16 16-16s-7.16-16-16-16zM96.06 459.17c0 3.15.93 6.22 2.68 8.84l24.51 36.84c2.97 4.46 7.97 7.14 13.32 7.14h78.85c5.36 0 10.36-2.68 13.32-7.14l24.51-36.84c1.74-2.62 2.67-5.7 2.68-8.84l.05-43.18H96.02l.04 43.18zM176 0C73.72 0 0 82.97 0 176c0 44.37 16.45 84.85 43.56 115.78 16.64 18.99 42.74 58.8 52.42 92.16v.06h48v-.12c-.01-4.77-.72-9.51-2.15-14.07-5.59-17.81-22.82-64.77-62.17-109.67-20.54-23.43-31.52-53.15-31.61-84.14-.2-73.64 59.67-128 127.95-128 70.58 0 128 57.42 128 128 0 30.97-11.24 60.85-31.65 84.14-39.11 44.61-56.42 91.47-62.1 109.46a47.507 47.507 0 0 0-2.22 14.3v.1h48v-.05c9.68-33.37 35.78-73.18 52.42-92.16C335.55 260.85 352 220.37 352 176 352 78.8 273.2 0 176 0z\"><\/path><\/svg>\t\t\t\t<\/span>\n\t\t\t<\/div>\n\t\t\t\n\t\t\t\t\t\t<div class=\"elementor-icon-box-content\">\n\n\t\t\t\t\t\t\t\t\t<h3 class=\"elementor-icon-box-title\">\n\t\t\t\t\t\t<span  >\n\t\t\t\t\t\t\tINNOVATION\t\t\t\t\t\t<\/span>\n\t\t\t\t\t<\/h3>\n\t\t\t\t\n\t\t\t\t\t\t\t\t\t<p class=\"elementor-icon-box-description\">\n\t\t\t\t\t\tL\u2019innovation et la transformation digitale sont les piliers de notre enseignement.\t\t\t\t\t<\/p>\n\t\t\t\t\n\t\t\t<\/div>\n\t\t\t\n\t\t<\/div>\n\t\t\t\t\t\t<\/div>\n\t\t\t\t<\/div>\n\t\t\t\t\t<\/div>\n\t\t\t\t<\/div>\n\t\t\t\t<\/div>\n\t\t","protected":false},"excerpt":{"rendered":"<p>BIENVENUE CHEZ MSIT MSIT\u00a0est une Soci\u00e9t\u00e9 de Services et d\u2019Ing\u00e9nierie Informatique sp\u00e9cialis\u00e9e dans :\u2013 Les formations et certifications IT\u2013 L\u2019int\u00e9gration,<\/p>\n","protected":false},"author":1,"featured_media":0,"parent":0,"menu_order":0,"comment_status":"closed","ping_status":"closed","template":"","meta":{"footnotes":""},"class_list":["post-29498","page","type-page","status-publish","hentry"],"_links":{"self":[{"href":"https:\/\/msit.ma\/index.php\/wp-json\/wp\/v2\/pages\/29498","targetHints":{"allow":["GET"]}}],"collection":[{"href":"https:\/\/msit.ma\/index.php\/wp-json\/wp\/v2\/pages"}],"about":[{"href":"https:\/\/msit.ma\/index.php\/wp-json\/wp\/v2\/types\/page"}],"author":[{"embeddable":true,"href":"https:\/\/msit.ma\/index.php\/wp-json\/wp\/v2\/users\/1"}],"replies":[{"embeddable":true,"href":"https:\/\/msit.ma\/index.php\/wp-json\/wp\/v2\/comments?post=29498"}],"version-history":[{"count":22,"href":"https:\/\/msit.ma\/index.php\/wp-json\/wp\/v2\/pages\/29498\/revisions"}],"predecessor-version":[{"id":29749,"href":"https:\/\/msit.ma\/index.php\/wp-json\/wp\/v2\/pages\/29498\/revisions\/29749"}],"wp:attachment":[{"href":"https:\/\/msit.ma\/index.php\/wp-json\/wp\/v2\/media?parent=29498"}],"curies":[{"name":"wp","href":"https:\/\/api.w.org\/{rel}","templated":true}]}}